{"id":10,"date":"2011-12-26T17:12:12","date_gmt":"2011-12-26T16:12:12","guid":{"rendered":"http:\/\/davidperezalonso.com\/blog\/?page_id=10"},"modified":"2022-05-23T21:22:46","modified_gmt":"2022-05-23T19:22:46","slug":"cv","status":"publish","type":"page","link":"https:\/\/davidperezalonso.com\/blog\/cv\/","title":{"rendered":"CV"},"content":{"rendered":"<p><a href=\"http:\/\/davidperezalonso.com\/blog\/wp-content\/uploads\/2020\/11\/XaDDT4nO_400x400.jpg\"><img loading=\"lazy\" decoding=\"async\" class=\"size-full wp-image-1423 alignleft\" src=\"http:\/\/davidperezalonso.com\/blog\/wp-content\/uploads\/2020\/11\/XaDDT4nO_400x400.jpg\" alt=\"\" width=\"400\" height=\"400\" srcset=\"https:\/\/davidperezalonso.com\/blog\/wp-content\/uploads\/2020\/11\/XaDDT4nO_400x400.jpg 400w, https:\/\/davidperezalonso.com\/blog\/wp-content\/uploads\/2020\/11\/XaDDT4nO_400x400-150x150.jpg 150w, https:\/\/davidperezalonso.com\/blog\/wp-content\/uploads\/2020\/11\/XaDDT4nO_400x400-300x300.jpg 300w, https:\/\/davidperezalonso.com\/blog\/wp-content\/uploads\/2020\/11\/XaDDT4nO_400x400-80x80.jpg 80w, https:\/\/davidperezalonso.com\/blog\/wp-content\/uploads\/2020\/11\/XaDDT4nO_400x400-320x320.jpg 320w\" sizes=\"auto, (max-width: 400px) 100vw, 400px\" \/><\/a><\/p>\n<p>Soy procedente de Torrijos (Toledo), donde actualmente resido despu\u00e9s de muchos a\u00f1os haci\u00e9ndolo en Madrid.<\/p>\n<p>Tengo el t\u00edtulo de<strong> Ingeniero T\u00e9cnico de Telecomunicaci\u00f3n (Especialidad en Sonido e Imagen)<\/strong> por la Universidad Polit\u00e9cnica de Madrid (1997) al que incorpor\u00e9 el\u00a0<strong>T\u00edtulo de Grado en Ingenier\u00eda de Sistemas Audiovisuales<\/strong> por la Universidad Europea de Madrid (2013). Trabaj\u00e9 durante casi\u00a0 siete a\u00f1os en el departamento de I+D de la multinacional LIPMAN (Hw\/Sw) pero cambi\u00f3 de nombre y ahora sabr\u00e9is de ella por VERIFONE. Realic\u00e9 labores de programador en C, jefe de proyecto y muchas otras cosas dentro del mundillo de los medios de pagos.<\/p>\n<p>Tras mi incursi\u00f3n en el mundo de la ingenier\u00eda de software trabaj\u00e9 unos 4 a\u00f1os en un centro de Formaci\u00f3n impartiendo cursos de formaci\u00f3n On-line y mixta en \u00e1reas relacionadas con la inform\u00e1tica, programaci\u00f3n web, I+D, etc.<\/p>\n<p>Entre los a\u00f1os\u00a02010-2016\u00a0estuve dentro del <strong>Departamento de Inform\u00e1tica y Comunicaciones<\/strong> de la UEM como profesor de <strong>Ciclos Formativos de Grado Superior<\/strong> en STI, DAM y ASIR (\u00abteleco\u00bb e inform\u00e1tica) y en los\u00a0cursos 2013\/2015 asum\u00ed tambi\u00e9n las labores de <strong>Coordinador Acad\u00e9mico<\/strong> en las \u00c1reas de Inform\u00e1tica y Arquitectura de los estudios de Ciclos Formativos de Grado Superior del <strong>Centro Profesional de la UEM<\/strong>.<\/p>\n<p>En el verano de 2016 me incorporo a la <a href=\"https:\/\/www.u-tad.com\/\"><strong>U-TAD<\/strong><\/a> como <strong>Coordinador Acad\u00e9mico<\/strong> de los Ciclos Formativos de Grado Superior de Inform\u00e1tica y Comunicaciones y tambi\u00e9n continuar\u00e9 como profesor en el TS DAM.<\/p>\n<p>En el curso 2017-2018 comienzo una nueva etapa como docente, formando parte del <a href=\"https:\/\/www.colegiovalledelmiro.es\/\" target=\"_blank\" rel=\"noopener noreferrer\"><strong>Colegio Valle del Miro<\/strong><\/a> en Valdemoro, donde imparto clases en el <strong>FP de Grado Superior de DAW, <\/strong>en el<strong> FP de Grado Medio de SMR<\/strong> y tambi\u00e9n en la etapa de <strong>Bachillerato<\/strong>, donde imparto la optativa de TIC en 1\u00ba y 2\u00ba.<\/p>\n<p>En el curso 2020-2021, para acercarme a mi localidad he dado el salto a la docencia en centros p\u00fablicos. \u00a1\u00a1Vuelta a un instituto!! Esta primera experiencia, dentro del cuerpo de <strong>Profesores T\u00e9cnicos de FP en la especialidad de Sistemas y Aplicaciones Inform\u00e1ticas, <\/strong>estar\u00e9 dando clase en el <strong>IES Lazarillo de Tormes<\/strong> de Escalona (Toledo)<strong>. Aprob\u00e9 la oposici\u00f3n en el verano de 2021 <\/strong>y de momento, continuo impartiendo en este centro en el ciclo de <strong>FPB Inform\u00e1tica de Oficina<\/strong> y <strong>Grado Medio de Sistemas Microinform\u00e1tico y Redes<\/strong>, <strong>a<\/strong>dem\u00e1s de la optativa de <strong>TIC en Bachillerato.\u00a0<\/strong><\/p>\n<p>Entre medias de esa labor profesional he empleado mucho de mi tiempo en mi pasi\u00f3n por la m\u00fasica. Por un lado algo m\u00e1s serio como organizador de giras, labor de promoci\u00f3n, etc, etc, para diversos grupos de rock alternativo del que surge en el verano del 2016 el <a href=\"https:\/\/www.batir-records.com\">sello discogr\u00e1fico <strong>Batir Records\u00a0<\/strong><\/a> y por otro lado en una actividad m\u00e1s l\u00fadica como locutor y realizador de programas de radio, actividad que sigo realizando en el <a href=\"http:\/\/desdelmurillo.blogspot.com\/\" target=\"_blank\" rel=\"noopener noreferrer\">podcast <strong>Desde El Murillo<\/strong><\/a><\/p>\n<p>Puedes ver mi CV m\u00e1s completo en mi perfil de Linkedin\u00a0 <a href=\"https:\/\/www.linkedin.com\/pub\/david-p%C3%A9rez-alonso\/87\/a02\/515\"><img loading=\"lazy\" decoding=\"async\" class=\"alignnone wp-image-613\" src=\"http:\/\/davidperezalonso.com\/blog\/wp-content\/uploads\/2011\/12\/linkedin-150x150.jpg\" alt=\"linkedin\" width=\"31\" height=\"31\" srcset=\"https:\/\/davidperezalonso.com\/blog\/wp-content\/uploads\/2011\/12\/linkedin-150x150.jpg 150w, https:\/\/davidperezalonso.com\/blog\/wp-content\/uploads\/2011\/12\/linkedin.jpg 204w\" sizes=\"auto, (max-width: 31px) 100vw, 31px\" \/><\/a><\/p>\n","protected":false},"excerpt":{"rendered":"<p>Soy procedente de Torrijos (Toledo), donde actualmente resido despu\u00e9s de muchos a\u00f1os haci\u00e9ndolo en Madrid. Tengo el t\u00edtulo de Ingeniero T\u00e9cnico de Telecomunicaci\u00f3n (Especialidad en Sonido e Imagen) por la Universidad Polit\u00e9cnica de Madrid&#46;&#46;&#46;<\/p>\n","protected":false},"author":1,"featured_media":0,"parent":0,"menu_order":0,"comment_status":"open","ping_status":"closed","template":"","meta":{"footnotes":""},"class_list":["post-10","page","type-page","status-publish","hentry"],"yoast_head":"<!-- This site is optimized with the Yoast SEO plugin v27.0 - https:\/\/yoast.com\/product\/yoast-seo-wordpress\/ -->\n<title>CV &#8211; Blog Docente - David P\u00e9rez Alonso<\/title>\n<meta name=\"robots\" content=\"index, follow, max-snippet:-1, max-image-preview:large, max-video-preview:-1\" \/>\n<link rel=\"canonical\" href=\"https:\/\/davidperezalonso.com\/blog\/cv\/\" \/>\n<meta property=\"og:locale\" content=\"es_ES\" \/>\n<meta property=\"og:type\" content=\"article\" \/>\n<meta property=\"og:title\" content=\"CV &#8211; Blog Docente - David P\u00e9rez Alonso\" \/>\n<meta property=\"og:description\" content=\"Soy procedente de Torrijos (Toledo), donde actualmente resido despu\u00e9s de muchos a\u00f1os haci\u00e9ndolo en Madrid. Tengo el t\u00edtulo de Ingeniero T\u00e9cnico de Telecomunicaci\u00f3n (Especialidad en Sonido e Imagen) por la Universidad Polit\u00e9cnica de Madrid&#046;&#046;&#046;\" \/>\n<meta property=\"og:url\" content=\"https:\/\/davidperezalonso.com\/blog\/cv\/\" \/>\n<meta property=\"og:site_name\" content=\"Blog Docente - David P\u00e9rez Alonso\" \/>\n<meta property=\"article:modified_time\" content=\"2022-05-23T19:22:46+00:00\" \/>\n<meta property=\"og:image\" content=\"http:\/\/davidperezalonso.com\/blog\/wp-content\/uploads\/2020\/11\/XaDDT4nO_400x400.jpg\" \/>\n<meta name=\"twitter:card\" content=\"summary_large_image\" \/>\n<meta name=\"twitter:site\" content=\"@DavidPerezProfe\" \/>\n<meta name=\"twitter:label1\" content=\"Tiempo de lectura\" \/>\n\t<meta name=\"twitter:data1\" content=\"3 minutos\" \/>\n<script type=\"application\/ld+json\" class=\"yoast-schema-graph\">{\"@context\":\"https:\/\/schema.org\",\"@graph\":[{\"@type\":\"WebPage\",\"@id\":\"https:\/\/davidperezalonso.com\/blog\/cv\/\",\"url\":\"https:\/\/davidperezalonso.com\/blog\/cv\/\",\"name\":\"CV &#8211; Blog Docente - David P\u00e9rez Alonso\",\"isPartOf\":{\"@id\":\"https:\/\/davidperezalonso.com\/blog\/#website\"},\"primaryImageOfPage\":{\"@id\":\"https:\/\/davidperezalonso.com\/blog\/cv\/#primaryimage\"},\"image\":{\"@id\":\"https:\/\/davidperezalonso.com\/blog\/cv\/#primaryimage\"},\"thumbnailUrl\":\"http:\/\/davidperezalonso.com\/blog\/wp-content\/uploads\/2020\/11\/XaDDT4nO_400x400.jpg\",\"datePublished\":\"2011-12-26T16:12:12+00:00\",\"dateModified\":\"2022-05-23T19:22:46+00:00\",\"breadcrumb\":{\"@id\":\"https:\/\/davidperezalonso.com\/blog\/cv\/#breadcrumb\"},\"inLanguage\":\"es\",\"potentialAction\":[{\"@type\":\"ReadAction\",\"target\":[\"https:\/\/davidperezalonso.com\/blog\/cv\/\"]}]},{\"@type\":\"ImageObject\",\"inLanguage\":\"es\",\"@id\":\"https:\/\/davidperezalonso.com\/blog\/cv\/#primaryimage\",\"url\":\"https:\/\/davidperezalonso.com\/blog\/wp-content\/uploads\/2020\/11\/XaDDT4nO_400x400.jpg\",\"contentUrl\":\"https:\/\/davidperezalonso.com\/blog\/wp-content\/uploads\/2020\/11\/XaDDT4nO_400x400.jpg\",\"width\":400,\"height\":400},{\"@type\":\"BreadcrumbList\",\"@id\":\"https:\/\/davidperezalonso.com\/blog\/cv\/#breadcrumb\",\"itemListElement\":[{\"@type\":\"ListItem\",\"position\":1,\"name\":\"Portada\",\"item\":\"https:\/\/davidperezalonso.com\/blog\/\"},{\"@type\":\"ListItem\",\"position\":2,\"name\":\"CV\"}]},{\"@type\":\"WebSite\",\"@id\":\"https:\/\/davidperezalonso.com\/blog\/#website\",\"url\":\"https:\/\/davidperezalonso.com\/blog\/\",\"name\":\"Blog Docente - David P\u00e9rez Alonso\",\"description\":\"Blog sobre mis clases y docencia en Formaci\u00f3n Profesional, Bachillerato y ESO\",\"potentialAction\":[{\"@type\":\"SearchAction\",\"target\":{\"@type\":\"EntryPoint\",\"urlTemplate\":\"https:\/\/davidperezalonso.com\/blog\/?s={search_term_string}\"},\"query-input\":{\"@type\":\"PropertyValueSpecification\",\"valueRequired\":true,\"valueName\":\"search_term_string\"}}],\"inLanguage\":\"es\"}]}<\/script>\n<!-- \/ Yoast SEO plugin. -->","yoast_head_json":{"title":"CV &#8211; Blog Docente - David P\u00e9rez Alonso","robots":{"index":"index","follow":"follow","max-snippet":"max-snippet:-1","max-image-preview":"max-image-preview:large","max-video-preview":"max-video-preview:-1"},"canonical":"https:\/\/davidperezalonso.com\/blog\/cv\/","og_locale":"es_ES","og_type":"article","og_title":"CV &#8211; Blog Docente - David P\u00e9rez Alonso","og_description":"Soy procedente de Torrijos (Toledo), donde actualmente resido despu\u00e9s de muchos a\u00f1os haci\u00e9ndolo en Madrid. Tengo el t\u00edtulo de Ingeniero T\u00e9cnico de Telecomunicaci\u00f3n (Especialidad en Sonido e Imagen) por la Universidad Polit\u00e9cnica de Madrid&#46;&#46;&#46;","og_url":"https:\/\/davidperezalonso.com\/blog\/cv\/","og_site_name":"Blog Docente - David P\u00e9rez Alonso","article_modified_time":"2022-05-23T19:22:46+00:00","og_image":[{"url":"http:\/\/davidperezalonso.com\/blog\/wp-content\/uploads\/2020\/11\/XaDDT4nO_400x400.jpg","type":"","width":"","height":""}],"twitter_card":"summary_large_image","twitter_site":"@DavidPerezProfe","twitter_misc":{"Tiempo de lectura":"3 minutos"},"schema":{"@context":"https:\/\/schema.org","@graph":[{"@type":"WebPage","@id":"https:\/\/davidperezalonso.com\/blog\/cv\/","url":"https:\/\/davidperezalonso.com\/blog\/cv\/","name":"CV &#8211; Blog Docente - David P\u00e9rez Alonso","isPartOf":{"@id":"https:\/\/davidperezalonso.com\/blog\/#website"},"primaryImageOfPage":{"@id":"https:\/\/davidperezalonso.com\/blog\/cv\/#primaryimage"},"image":{"@id":"https:\/\/davidperezalonso.com\/blog\/cv\/#primaryimage"},"thumbnailUrl":"http:\/\/davidperezalonso.com\/blog\/wp-content\/uploads\/2020\/11\/XaDDT4nO_400x400.jpg","datePublished":"2011-12-26T16:12:12+00:00","dateModified":"2022-05-23T19:22:46+00:00","breadcrumb":{"@id":"https:\/\/davidperezalonso.com\/blog\/cv\/#breadcrumb"},"inLanguage":"es","potentialAction":[{"@type":"ReadAction","target":["https:\/\/davidperezalonso.com\/blog\/cv\/"]}]},{"@type":"ImageObject","inLanguage":"es","@id":"https:\/\/davidperezalonso.com\/blog\/cv\/#primaryimage","url":"https:\/\/davidperezalonso.com\/blog\/wp-content\/uploads\/2020\/11\/XaDDT4nO_400x400.jpg","contentUrl":"https:\/\/davidperezalonso.com\/blog\/wp-content\/uploads\/2020\/11\/XaDDT4nO_400x400.jpg","width":400,"height":400},{"@type":"BreadcrumbList","@id":"https:\/\/davidperezalonso.com\/blog\/cv\/#breadcrumb","itemListElement":[{"@type":"ListItem","position":1,"name":"Portada","item":"https:\/\/davidperezalonso.com\/blog\/"},{"@type":"ListItem","position":2,"name":"CV"}]},{"@type":"WebSite","@id":"https:\/\/davidperezalonso.com\/blog\/#website","url":"https:\/\/davidperezalonso.com\/blog\/","name":"Blog Docente - David P\u00e9rez Alonso","description":"Blog sobre mis clases y docencia en Formaci\u00f3n Profesional, Bachillerato y ESO","potentialAction":[{"@type":"SearchAction","target":{"@type":"EntryPoint","urlTemplate":"https:\/\/davidperezalonso.com\/blog\/?s={search_term_string}"},"query-input":{"@type":"PropertyValueSpecification","valueRequired":true,"valueName":"search_term_string"}}],"inLanguage":"es"}]}},"_links":{"self":[{"href":"https:\/\/davidperezalonso.com\/blog\/wp-json\/wp\/v2\/pages\/10","targetHints":{"allow":["GET"]}}],"collection":[{"href":"https:\/\/davidperezalonso.com\/blog\/wp-json\/wp\/v2\/pages"}],"about":[{"href":"https:\/\/davidperezalonso.com\/blog\/wp-json\/wp\/v2\/types\/page"}],"author":[{"embeddable":true,"href":"https:\/\/davidperezalonso.com\/blog\/wp-json\/wp\/v2\/users\/1"}],"replies":[{"embeddable":true,"href":"https:\/\/davidperezalonso.com\/blog\/wp-json\/wp\/v2\/comments?post=10"}],"version-history":[{"count":11,"href":"https:\/\/davidperezalonso.com\/blog\/wp-json\/wp\/v2\/pages\/10\/revisions"}],"predecessor-version":[{"id":9382,"href":"https:\/\/davidperezalonso.com\/blog\/wp-json\/wp\/v2\/pages\/10\/revisions\/9382"}],"wp:attachment":[{"href":"https:\/\/davidperezalonso.com\/blog\/wp-json\/wp\/v2\/media?parent=10"}],"curies":[{"name":"wp","href":"https:\/\/api.w.org\/{rel}","templated":true}]}}